h(2). Calculate the remainder when 8 is divided by z(u).
3
Let i = 6 - 1. Suppose -i*s = 5*f - 0*s - 45, 6 = -2*f + 4*s. Suppose -2*w - 2*y = -0*y - 42, 0 = -5*y + f. What is the remainder when w is divided by 11?
9
Suppose -426 = -2*k - 4*k. Calculate the remainder when k is divided by 25.
21
Suppose -m - 5*t = 2*m - 43, -2*m = 2*t - 26. Suppose s + 4*v = -4, -6*s = -2*s + 2*v - 40. What is the remainder when 35/(-2)*s/(-10) is divided by m?
10
What is the remainder when -50*(0 + 8/(-20)) is divided by 7?
6
Let j(n) = n**3 + 19*n**2 + 16*n + 17. Calculate the remainder when j(-18) is divided by 14.
11
Let y(x) = x + 48. What is the remainder when y(-17) is divided by 12?
7
What is the remainder when 57 is divided by (-2)/(-10) - (-222)/15?
12
Suppose 4*v - 33 = m, 5*m + 0*m + 13 = v. Let q = 27 - 14. Let l = q - v. Calculate the remainder when l is divided by 2.
1
Let s(w) = w**3 - 2*w**2 + 3*w + 1. What is the remainder when s(3) is divided by ((-245)/(-14))/(-7)*-2?
4
Suppose 7 = 5*d + 3*m, -m = 2*m + 3. Let v be -30 + 26 - 1*-6. Suppose 46 + 56 = 3*j - 3*i, 0 = v*j + d*i - 88. Calculate the remainder when j is divided by 10.
9
Suppose -2*s - 14 = 5*j + s, 2*j + 4*s + 14 = 0. Let z = 6 + j. Suppose -6*c + z*c + 7 = -2*f, 5*c - 47 = 4*f. What is the remainder when 32 is divided by c?
10
Calculate the remainder when 1 + -1*2 + 50 is divided by (-1 + 2)/(-4 - (-69)/17).
15
Let d(w) = w**2 - 6*w - 1. Calculate the remainder when d(8) is divided by 4.
3
What is the remainder when (-47)/(-1) + (-5 - -1) is divided by 6/4*(10 - 0)?
13
What is the remainder when 150 is divided by (3 - -2*(2 - 4))*-31?
26
Suppose t = -4 - 5. Let w = t - -13. Suppose -n + 30 = w*x - 3*n, n - 9 = -x. Calculate the remainder when 23 is divided by x.
7
Let g(s) = -3*s**3 - 9*s**2 - 8*s - 2. Calculate the remainder when g(-3) is divided by 7.
1
Let v = -1 - -10. Calculate the remainder when 16 is divided by v.
7
Let i be 2/(7/((-245)/(-2))). Let g = -25 + i. Calculate the remainder when 27 is divided by g.
7
Let r(p) be the second derivative of -p**3/3 - 7*p**2/2 + p. Calculate the remainder when 9 is divided by r(-6).
4
Suppose -2*z + 5*a = -5, 0 = -4*a + 3*a + 3. Calculate the remainder when (219/9 + 1)*(-9)/(-6) is divided by z.
8
Let z = -71 + 101. Let y be (-6)/(-18) - 50/(-3). Suppose u + 6 = y. What is the remainder when z is divided by u?
8
Let z = -7 - -14. What is the remainder when z is divided by 3?
1
Let p = 46 - 42. What is the remainder when p is divided by 3?
1
Let p = 9 - 3. Let i = 13 - p. Calculate the remainder when 26 is divided by i.
5
Suppose 3*h - 167 = -2*w, h + w + 2*w = 65. What is the remainder when h is divided by -8 + (-12)/(-3) + 22?
17
Suppose -18 - 14 = -2*s + 5*o, -3*s + 3*o = -48. Let q(c) = c**2 + 7*c - 2. Let a be q(-7). What is the remainder when s is divided by 8/a*27/(-12)?
7
Let p = 116 - -30. Calculate the remainder when p is divided by 15.
11
Suppose -2*c - 2 = 4*w, -6 = -4*w + w. Let r(h) = 2*h**2 + 7*h. What is the remainder when 27 is divided by r(c)?
12
Let d = 111 - -96. What is the remainder when d is divided by 26?
25
Let o(a) = a**3 - 11*a**2 - 12*a + 11. Calculate the remainder when o(12) is divided by 6.
5
Let a be (-5)/25 - (-118)/(-10). Let p = -10 - a. What is the remainder when 13 is divided by ((-20)/6)/(p/(-3))?
3
Calculate the remainder when (5 - -5)/((-4)/(-22)) is divided by 14.
13
Let l(q) = q**2 - 18*q + 10. What is the remainder when l(18) is divided by 9?
1
Calculate the remainder when 21 is divided by (-10)/(-6)*3*5/5.
1
Suppose 0 = -13*y + 9*y + 104. What is the remainder when 75 is divided by y?
23
Let k = -63 + 97. Calculate the remainder when 67 is divided by k.
33
Let u be ((-12)/(-10))/(2/10). Let d be (-3)/u*-46 + -1. Let l = -11 + d. Calculate the remainder when 32 is divided by l.
10
Let j(p) = p**3 + 4*p**2 - 7*p - 6. Let n be j(-5). Suppose n*i = -7 + 23. Suppose -5*q = -12*q + 70. Calculate the remainder when q is divided by i.
2
Let b(x) = 2*x**2 - 4*x - 2. Suppose -8*v = -4*v + 2*r + 22, -r = v + 7. Calculate the remainder when b(v) is divided by ((-12)/7)/(1/(-7)).
10
Suppose 15*r - 14*r - 11 = 0. Let k = -5 + 8. Let l = r + k. What is the remainder when 27 is divided by l?
13
Suppose 3 + 17 = 4*g. Suppose 0 = z + 4*z + g. Calculate the remainder when 1 + (-4)/z*3 is divided by 5.
3
Let c(a) = a**3 - 3*a**2 - 3*a - 1. Let r be c(4). Let v = r + -125. Let z = -70 - v. Calculate the remainder when z is divided by 18.
16
What is the remainder when (-461)/(-5) - (-24)/30 is divided by 24?
21
Let g = -21 - -34. Suppose 14*u - 34 - 288 = 0. Calculate the remainder when u is divided by g.
10
Let f be -1 - (-2)/4*82. Suppose -45 = -5*r + 4*k, 0 = -4*r + k + 3*k + f. Let l(n) = n - 6. What is the remainder when r is divided by l(8)?
1
What is the remainder when -1 + -1 - (-114)/3 is divided by (-6)/(-33) - -6*141/66?
10
Suppose 5*m = 2*m + 45. Let f(q) = -q**3 + 5*q**2 - 2*q - 5. Let g be f(4). What is the remainder when 236/8 + g/(-2) is divided by m?
13
Let q(k) = k + 3. Let v(t) = -t**3 - t**2 + 3*t + 1. Let n be v(-3). What is the remainder when 24 is divided by q(n)?
11
Let o(m) = -m + 10. Let g(l) = 2*l**2 + l**2 - 22*l + 28*l + 3. Calculate the remainder when g(-4) is divided by o(0).
7
Calculate the remainder when 12 is divided by 2/5 - 104/(-40).
0
Suppose 0 = -5*o - 5*k - 125, -2*o + 1 - 39 = 5*k. Let d = 52 + o. What is the remainder when d is divided by 13?
10
Suppose 0 = -p - 11 + 3. Let x(i) = -i**3 - 9*i**2 - 9*i. Calculate the remainder when 13 is divided by x(p).
5
Suppose 7*m - 4*a - 90 = 2*m, -m - a + 27 = 0. Calculate the remainder when 43 is divided by m.
21
Let d = 1 + -3. Let f = -47 - d. Calculate the remainder when 14 is divided by ((-1)/3)/(3/f).
4
Suppose -3*k = -4*g + 60, 5*g - 75 = 2*k - 7*k. What is the remainder when ((-72)/g)/(2/(-10)) is divided by 13?
11
Let y(r) = -r**3 + 8*r**2 - 13*r + 1. What is the remainder when 258 is divided by y(4)?
11
Let y(x) = x + 2*x**2 - x - 5 + 0*x - 3*x. Let o be y(-5). Let r = o + -40. What is the remainder when 38 is divided by r?
18
Let j(d) = -82*d + 1. Let i be j(-1). Suppose v = 2*z - 0*v - i, -125 = -3*z + v. Let c = 1 + z. Calculate the remainder when c is divided by 15.
13
Suppose 2*h - 1 = 21. Suppose -c = 2*c - 372. Suppose 0 = -0*s + 4*s - c. Calculate the remainder when s is divided by h.
9
Let t = 28 - 19. What is the remainder when 13 is divided by t?
4
Let i(r) = 7*r - 1. Let h be i(-2). Calculate the remainder when 0 + 3 - (h - 5) is divided by 13.
10
Suppose 2*z = 3*b - 0*b + 53, 5*z = -2*b - 48. Let o = -9 - b. What is the remainder when 28 is divided by o?
8
Let g be 0 + -1 - (-1 + 2). Let v(m) = -m**3 + 5*m**2 - 2*m. Calculate the remainder when v(2) is divided by (-5)/(1/(2/g)).
3
Suppose 4*i + 27 = 7*i. What is the remainder when i is divided by 2/(-4) - (-11)/2?
4
Let a be (8/2)/2 + 2. Suppose -3*x = k - 100, -a*k - 70 = -2*x - 3*k. Let s = -22 - -34. What is the remainder when x is divided by s?
10
Let p be -1*(-2 + 3 + -79). Suppose 22 + p = 5*g. Let b = -10 + g. Calculate the remainder when 37 is divided by b.
7
Let z(g) = 3*g**2 + 4*g + 2. Let c be z(-2). Suppose 0 = -4*y - c + 22. What is the remainder when 11 is divided by y?
3
Suppose 5*q + 4*i - 12 = q, 0 = -5*q + 5*i + 35. Suppose q*o + 55 - 180 = 0. What is the remainder when o is divided by 14?
11
Let g(v) = -10*v - 5. Suppose 198 = 2*z - 2*i, -4*z + 4*i = -i - 393. What is the remainder when z is divided by g(-4)?
32
Let q(l) = 4*l**2 - l - 3*l**2 - 5 + 4. What is the remainder when q(4) is divided by 0*1/3 + 4?
3
Let m(t) = -2*t + 3. Suppose 36 = 3*s + 4*z - 70, 4*z = -4*s + 144. What is the remainder when s is divided by m(-5)?
12
Let o = -3 + 4. Let h(y) = 2*y + 14. Let j be h(-7). Suppose -4*s + j = -4. What is the remainder when s is divided by o?
0
Let k be (-4)/(-5)*(-70)/(-4). Let z = k - 10. What is the remainder when 6 is divided by z?
2
Let v = -27 + 59. Let p(y) = y**2 + 2*y - 6. What is the remainder when v is divided by p(-6)?
14
Suppose -v - v = 0, 3*u - 6 = -v. Suppose -3*z = z - 44. What is the remainder when 12/(u/((-32)/(-6))) is divided by z?
10
Suppose 0 = 2*d + 3*v - 222, v + 4 + 0 = 0. Calculate the remainder when d is d